e
Is 212 a factor of 66350488?
True
Is 208 a factor of 108829760?
True
Does 207 divide 16392660?
False
Does 3 divide 157535456?
False
Is 678009012 a multiple of 456?
False
Does 37 divide 145289935?
True
Is 1086 a factor of 37115877?
False
Is 15 a factor of 222279255?
True
Is 24506468 a multiple of 679?
True
Is 35 a factor of 37871400?
True
Is 672694236 a multiple of 14?
False
Is 29 a factor of 120330379?
False
Is 434831428 a multiple of 503?
True
Is 47 a factor of 2495982?
True
Is 56428162 a multiple of 973?
True
Is 15859801 a multiple of 620?
False
Does 6 divide 100172891?
False
Is 1111 a factor of 144208911?
True
Is 522976191 a multiple of 47?
True
Is 16105212 a multiple of 1284?
True
Does 59 divide 15230815?
False
Is 477482796 a multiple of 15771?
True
Does 326 divide 10623362?
True
Is 224394000 a multiple of 5?
True
Is 3970368 a multiple of 122?
True
Is 11917782 a multiple of 17?
True
Does 476 divide 29686692?
True
Does 35 divide 12293225?
True
Is 3722 a factor of 1072254956?
False
Is 143566983 a multiple of 2524?
False
Does 17 divide 368078687?
False
Does 566 divide 685363740?
True
Is 1594424862 a multiple of 1341?
True
Is 467189055 a multiple of 205?
True
Does 54 divide 1414314?
True
Is 43549 a multiple of 107?
True
Is 266336 a multiple of 7?
True
Is 9 a factor of 39166717?
False
Does 14 divide 5162073?
False
Is 364367436 a multiple of 937?
False
Does 114 divide 92205740?
False
Is 5401104170 a multiple of 47?
True
Does 231 divide 148920771?
False
Is 2777 a factor of 2441327932?
False
Does 3 divide 13124706?
True
Is 1276 a factor of 32073986?
False
Is 7654052 a multiple of 21?
False
Is 4225 a factor of 90887206?
False
Does 5759 divide 1800113666?
True
Is 2123324154 a multiple of 7?
True
Is 489 a factor of 24852447?
True
Is 5070522 a multiple of 1038?
False
Does 875 divide 698133459?
False
Does 141 divide 195187146?
True
Is 19 a factor of 118140209?
False
Does 40 divide 678698600?
True
Is 475320680 a multiple of 9?
False
Does 42 divide 76607802?
False
Is 1526979801 a multiple of 83?
True
Is 70834100 a multiple of 834?
False
Is 1053 a factor of 16163351?
False
Is 164717337 a multiple of 945?
False
Does 302 divide 1562685108?
True
Is 409 a factor of 203776070?
True
Is 434385096 a multiple of 5172?
False
Does 9 divide 3615975?
True
Is 36057244 a multiple of 318?
False
Does 69 divide 976844540?
False
Is 24286735 a multiple of 1315?
True
Is 1417 a factor of 22439612?
True
Is 453044448 a multiple of 144?
True
Is 54237511 a multiple of 4?
False
Is 112 a factor of 189476718?
False
Is 96 a factor of 28246080?
True
Is 775525105 a multiple of 405?
False
Is 24129091 a multiple of 23?
False
Does 5460 divide 476188440?
True
Does 596 divide 24912652?
False
Is 597 a factor of 298700941?
False
Is 3444881058 a multiple of 58?
True
Is 262447240 a multiple of 55?
True
Is 2306 a factor of 13889038?
True
Is 19 a factor of 45324804?
True
Is 82 a factor of 98055476?
False
Does 37 divide 261669661?
True
Is 329 a factor of 2790767175?
True
Does 104 divide 54096740?
False
Is 17122732 a multiple of 16?
False
Is 5 a factor of 1619701?
False
Is 2 a factor of 14317353?
False
Does 2211 divide 1310472133?
False
Is 2400759 a multiple of 107?
True
Is 5285 a factor of 33062960?
True
Does 214 divide 11505496?
True
Is 6983354 a multiple of 342?
False
Is 17140340 a multiple of 2943?
False
Does 44 divide 15822092?
True
Is 3590 a factor of 30376342?
False
Is 3549 a factor of 534044538?
False
Is 100 a factor of 575230834?
False
Is 19844742 a multiple of 8?
False
Is 25 a factor of 9481862?
False
Is 1390941289 a multiple of 281?
True
Is 42 a factor of 809491689?
False
Does 1220 divide 383588740?
True
Is 294 a factor of 18615753?
False
Does 10 divide 168930240?
True
Is 5120 a factor of 1609126579?
False
Is 31 a factor of 628714038?
True
Does 84 divide 251000820?
True
Is 9 a factor of 14790807?
True
Is 37085670 a multiple of 10?
True
Does 49 divide 21144962?
False
Is 176 a factor of 4481753?
False
Does 155 divide 9389802?
False
Is 20 a factor of 1049640?
True
Is 15447480 a multiple of 120?
True
Is 857 a factor of 334463842?
False
Is 430 a factor of 93889378?
False
Does 13 divide 23994035?
True
Is 18 a factor of 96491000?
False
Is 73 a factor of 11222289?
False
Is 11 a factor of 1387001974?
False
Does 16 divide 95361375?
False
Is 27172584 a multiple of 19?
True
Is 423303900 a multiple of 79?
False
Is 13 a factor of 45993632?
False
Is 644770426 a multiple of 1947?
False
Is 5839184 a multiple of 67?
True
Does 11 divide 45646090?
False
Is 96 a factor of 214345719?
False
Is 134 a factor of 46681714?
True
Does 33 divide 14176414?
False
Is 16 a factor of 9044551295?
False
Is 27 a factor of 4282197?
False
Is 176929004 a multiple of 43?
True
Does 392 divide 309168048?
True
Is 4523967437 a multiple of 12?
False
Is 116078711 a multiple of 7?
True
Is 1555 a factor of 43796575?
True
Does 27 divide 337257582?
False
Does 1016 divide 67470528?
True
Is 2765026416 a multiple of 296?
False
Is 73172344 a multiple of 28?
True
Is 832 a factor of 1137998809?
False
Does 365 divide 266999063?
False
Is 21106592 a multiple of 113?
True
Is 7706194 a multiple of 10?
False
Is 16 a factor of 40231246?
False
Is 1605 a factor of 351697641?
False
Is 380736405 a multiple of 129?
True
Does 746 divide 776198826?
True
Does 9541 divide 2390984141?
True
Is 56 a factor of 925916544?
True
Is 4 a factor of 914040349?
False
Is 5 a factor of 5292980?
True
Does 58 divide 111037694?
True
Is 1247642684 a multiple of 331?
False
Does 68 divide 753471756?
True
Is 136546164 a multiple of 13?
False
Is 3 a factor of 168573771?
True
Does 1963 divide 553238179?
True
Is 10296048 a multiple of 48?
True
Is 44 a factor of 21361739?
False
Is 273170372 a multiple of 29?
True
Is 535279199 a multiple of 13?
True
Is 805 a factor of 1782964259?
False
Is 736256606 a multiple of 620?
False
Is 355297736 a multiple of 3?
False
Does 239 divide 24373210?
False
Is 36 a factor of 259955061?
False
Is 392 a factor of 429481080?
True
Is 104 a factor of 408628007?
False
Is 25406320 a multiple of 116?
True
Does 1616 divide 38020942?
False
Is 3322 a factor of 70572568?
True
Does 162 divide 4972823?
False
Is 225758976 a multiple of 768?
True
Is 116201036 a multiple of 266?
True
Is 216 a factor of 120722480?
False
Is 156142022 a multiple of 5?
False
Does 15 divide 74016241?
False
Is 20008140 a multiple of 190?
True
Does 37 divide 44386791?
True
Does 4826 divide 161944416?
False
Is 2093 a factor of 68828047?
False
Does 91 divide 375336052?
True
Is 120438115 a multiple of 4937?
True
Does 28 divide 7331184?
True
Is 1713 a factor of 17069343?
False
Is 2653248276 a multiple of 441?
True
Is 2682 a factor of 211279696?
False
Is 1656 a factor of 17255520?
True
Does 52 divide 126806524?
True
Does 173 divide 1437900454?
False
Is 15 a factor of 36356039?
False
Is 431 a factor of 121761536?
False
Does 890 divide 648374790?
True
Is 488 a factor of 59576511?
False
Does 69 divide 620046851?
False
Is 51203556 a multiple of 38?
True
Is 128 a factor of 3095861846?
False
Does 5836 divide 966068130?
False
Is 291 a factor of 136084695?
True
Does 882 divide 288516958?
False
Is 41870241 a multiple of 2177?
True
Is 10 a factor of 134549794?
False
Is 4 a factor of 35736660?
True
Is 551842922 a multiple of 928?
False
Does 966 divide 368113733?
False
Is 28 a factor of 1230902083?
False
Is 3257976246 a multiple of 11874?
True
Does 684 divide 3028087624?
False
Is 625889857 a multiple of 7288?
False
Is 11228578 a multiple of 36?
False
Does 210 divide 110151300?
True
Does 7 divide 75348300?
False
Is 15 a factor of 37307520?
True
Is 6 a factor of 3425168541?
False
Is 1878729943 a multiple of 3574?
False
Does 239 divide 7462820?
False
Is 125727250 a multiple of 655?
True
Is 689264577 a multiple of 21?
False
Is 372 a factor of 27872472?
True
Does 68 divide 91840998?
False
Is 893 a factor of 32486987?
False
Is 113771175 a multiple of 7?
True
Does 32 divide 136101957?
False
Is 207788460 a multiple of 1452?
True
Is 3 a factor of 123065046?
True
Is 645194624 a multiple of 1461?
False
Does 13 divide 99085181?
True
Is 53 a factor of 92760971?
True
Does 39 divide 12198354?
False
Is 1058 a factor of 21430848?
True
Is 27 a factor of 5078659?
False
Is 7 a factor of 568484?
True
Is 681901934 a multiple o